ommon divisor of 5 and t.
5
Let c(u) be the second derivative of 7*u**3/6 + 51*u**2/2 + 11*u. Let h be c(0). What is the highest common factor of 68 and h?
17
Suppose -2*q - 43 + 402 = 93. What is the greatest common divisor of 91 and q?
7
Suppose j - 2681 = -4*c, -11*c + 3349 = -6*c + 2*j. Suppose 3*h + b = c, 0 = -9*h + 7*h + 4*b + 466. Calculate the highest common divisor of h and 90.
45
Let d(z) be the first derivative of z**3/3 + 3*z**2/2 + 2*z + 10. Let m be d(-2). Suppose 4*j - 7 - 13 = m. What is the greatest common factor of 45 and j?
5
Let k(l) = -12*l + 22. Let q(r) = -4*r + 7. Let j(u) = -5*k(u) + 16*q(u). Let m be j(-11). Let i = m + -28. What is the highest common divisor of i and 18?
18
Suppose 57 - 60 = 40*f - 163. Calculate the highest common divisor of f and 1652.
4
Let s(t) = -8*t - 48. Let n(h) = h - 1. Let p be n(-8). Let c be s(p). Calculate the highest common divisor of c and 60.
12
Suppose -11 - 27 = -19*f. Suppose 3*g + f*h = 43, -4*g + 0*h = -5*h - 42. Calculate the greatest common factor of 871 and g.
13
Let r = 2483 + -2247. What is the greatest common divisor of 12154 and r?
118
Let n(b) = -51*b**3 - 4*b - 1. Let j be n(-1). Calculate the highest common factor of j and 351.
27
Let t be 105118/24 - (-29)/3480*10. What is the greatest common divisor of t and 24?
12
Let y = 14 + -4. Let p(u) = u**3 - 16*u**2 + 57*u + 36. Let i be p(10). What is the highest common factor of i and y?
2
Suppose 3*t = -t - 2*t. Suppose t = 10*b - 4*b - 864. Calculate the greatest common factor of b and 54.
18
Suppose 4*a - 5*t - 47 = 0, 5*a + 68*t - 69*t = 64. Suppose 864 = 4*q + 5*l, -q - 109 = -4*l - 346. Calculate the greatest common factor of q and a.
13
Let v be (-823 - 11)/(-6) - 10. Calculate the highest common factor of v and 2709.
129
Let a be (0 + 4)*((-31)/(-4) + 0). Suppose -x + 5*q = -a, 3*q + 23 = x + 6*q. Calculate the highest common divisor of x and 78.
26
Let a = 4980 + -3956. What is the greatest common divisor of a and 288?
32
Let h = -51 + 59. Suppose 0 = -h*o + 2525 - 549. Let d = 439 - o. Calculate the highest common divisor of 24 and d.
24
Let r = -545 + 143. Let v = -339 - r. What is the greatest common divisor of 9 and v?
9
Let d(c) = -7*c**2 + 2*c + 40. Let f be d(0). Calculate the greatest common factor of f and 2160.
40
Suppose -46 + 10 = -6*q. Suppose -2*i = q*i - 424. Suppose 29 = 4*o + 3*s, 4*s + i = -0*o + 3*o. What is the greatest common factor of 209 and o?
11
Suppose -2*v + 4*m - 1 = 9, 3 = 5*v - 3*m. Suppose 0 = -4*c - w + 62, -v + 1 = -w. What is the highest common factor of c and 10?
5
Suppose 0 = -14*l - 372 + 1254. Suppose -5*o + 105 = 3*d + d, -3*d = 3*o - l. What is the highest common divisor of 777 and o?
21
Let d be (-13)/(-26) + 9/2. Let n(k) = k**2 + 2*k - 45. Let q be n(7). Calculate the greatest common factor of q and d.
1
Let o = -169 - -171. Suppose 0 = -4*j + 9*g - 10*g + 240, 0 = -o*j + 5*g + 120. Calculate the highest common factor of j and 48.
12
Let o be 692759/101 + 39/(-3). Calculate the greatest common divisor of o and 2608.
326
Let y be (-4)/(-10) - 28992/80. Let c = 516 + y. Calculate the highest common divisor of c and 14.
14
Let b = 10 - -1. Suppose 235*t - 239*t = 1736. Let j = -390 - t. Calculate the greatest common divisor of b and j.
11
Suppose 72*c - 52 = 59*c. What is the greatest common divisor of 1872 and c?
4
Suppose 16*d = 18*d - 2*k - 690, -d + 345 = -5*k. Let i = 434 + -419. What is the highest common divisor of i and d?
15
Suppose 12*j - 162750 = -5*j - 8*j. What is the highest common factor of j and 186?
186
Let x = -1322 + 1424. What is the greatest common divisor of x and 68?
34
Let k(h) = 11*h**2 + 13*h - 74. Let d(n) = -n**3 + 20*n**2 + 43*n + 27. Let x be d(22). Let o be k(x). What is the highest common factor of o and 28?
14
Let h(k) = -k**3 - 9*k**2 + 38*k + 51. Let u be h(-12). What is the greatest common divisor of 513 and u?
27
Let y(g) = -36*g - 797. Let n be y(-54). Calculate the highest common factor of 93 and n.
31
Suppose 3*w - w = 12. Let z be (-14)/(-3)*(-3)/(-2) - -9. Calculate the greatest common divisor of z and w.
2
Let c be (-5992)/(-16) + 6 - (-2)/4 - 3. Calculate the greatest common factor of c and 462.
42
Let b(v) be the second derivative of 8*v + 0 + 9/2*v**2 + 1/20*v**5 - 1/12*v**4 - 1/3*v**3. Let q be b(0). Calculate the highest common factor of q and 36.
9
Let w(v) = 9*v**2 - 37*v - 124. Let u be w(-4). Calculate the highest common divisor of u and 2496.
24
Suppose 5*v + 0*v = 3*f + 20, -5*v + 4*f = -20. Suppose -4*c + 43 = 5*q, c + 19 = 2*c + v*q. Calculate the greatest common divisor of c and 14.
7
Suppose 28*u + 9 = 205. Suppose 1837 - 409 = u*m. What is the highest common divisor of 510 and m?
102
Suppose p = -13 + 16. Let d = 3 + 4. Let r be (-8)/12*-3 + d. Calculate the greatest common divisor of r and p.
3
Let t(c) = 57*c**2 - 1362*c - 18. Let z be t(24). Calculate the greatest common divisor of 1358 and z.
14
Let s(j) = 149*j + 3936. Let n be s(-26). Let q(l) = 4*l**2 + 3*l - 4. Let y be q(-4). Let w = n - y. Calculate the highest common factor of w and 140.
14
Suppose 124*q - 10449 + 1769 = 0. Calculate the greatest common factor of q and 1510.
10
Suppose -11*w + 22*w - 3828 = 0. Let k(o) = o**3 + 33*o**2 + 90*o + 24. Let h be k(-30). What is the greatest common factor of w and h?
12
Let m be (0 - 1)/(1/(-32)). Suppose -2*d + 14 = 5*d. Suppose 11 = d*f - t, -5*f = 5*t - 14 + 9. What is the greatest common factor of f and m?
4
Let r = -24624 - -24720. What is the greatest common factor of 4128 and r?
96
Let p(l) = 4*l**2 - 6*l - 4. Let z be p(-4). Suppose -4*k = 4*d - 64, -35*d + 39*d - 36 = -2*k. Calculate the greatest common factor of k and z.
14
Suppose 5*m + 4*r - 77 = 0, 11*m = 9*m - 2*r + 32. Calculate the highest common factor of m and 4459.
13
Let d(n) = 51*n**2 + 1197*n - 1671. Let x be d(-25). Suppose -91 = -4*p + 33. What is the highest common factor of x and p?
31
Suppose n = -3*s, 5*n - 5*s + 4 = 6*n. Let z(i) = 8*i + 109. Let q be z(n). What is the highest common divisor of q and 671?
61
Let d = 41 + 82. Let x be d/2 - 15/10. Suppose 7*g + 1588 = 2218. What is the greatest common divisor of g and x?
30
Suppose 23*d - 1208 = 15*d. Suppose -86 - d = -3*k. Let p = k - -19. Calculate the highest common factor of 14 and p.
14
Suppose 547 - 452 = 5*a. Suppose -4*m = t - 358, -4*m = -17*t + a*t - 696. Calculate the highest common factor of 26 and t.
26
Suppose r + 28 = 70. Suppose r*y = 37*y + 100. What is the greatest common divisor of 160 and y?
20
Let k be 11/2 - 2/4. Suppose k*d - 80 = d. Suppose 140 = 2*c + 4*c + c. Calculate the greatest common divisor of d and c.
20
Let f = -9 - -14. Let u(y) = 31 - 7*y - 4*y**2 - 30 + f*y**2 - 25. Let a be u(10). Calculate the highest common factor of a and 2.
2
Let a(i) = 5*i**2 + 68*i + 1726. Let r be a(-27). What is the highest common divisor of 70 and r?
35
Suppose t + 2*t = 0. Suppose t = -5*y + 4*y + 18. Let b = 65 - 11. What is the greatest common divisor of b and y?
18
Let z = -487 + 219. Let y = -222 - z. Calculate the highest common factor of y and 460.
46
Let m be (-759)/(-66) - (1 - (-6)/(-4)). Suppose -m*h - h = -6981. Calculate the highest common divisor of 3 and h.
3
Let a(j) = 4*j**2 + 11*j + 109. Let h be a(-9). What is the greatest common divisor of h and 4?
2
Let v(j) = 6*j**2 + 238*j + 18. Let k be v(-47). Calculate the greatest common divisor of k and 98.
14
Suppose 37*s = -87*s + 9005 + 10339. Calculate the highest common factor of 3666 and s.
78
Let l be ((-2)/(-2))/(5/(-385)). Let m = l + 139. Suppose -607 + 142 = -5*v. Calculate the highest common factor of m and v.
31
Suppose 22*d - 1286 = 1684. Calculate the greatest common divisor of 10530 and d.
135
Let y = 213 - 57. Suppose -t + 2*f - 44 + 80 = 0, -3*t + 108 = 4*f. What is the greatest common divisor of t and y?
12
Suppose -4 = -4*a + 8, -3*a + 133 = 4*p. Let b = -277 - -662. Let r = b - 230. What is the highest common divisor of p and r?
31
Let h = 6 + -70. Let z be (-2)/8 + 10*(-1288)/h. What is the highest common divisor of 3 and z?
3
Let i(p) = p**2 - 70*p - 75. Let m be i(-15). What is the highest common divisor of 48 and m?
48
Let r(t) = -2*t**2 + 55*t - 346. Let f be r(14). What is the gr